**2 - 55*n + 18. What is the thousands digit of v(6)?
9
Suppose 12193 + 736 = 7*n. Suppose 6*i - 737 = -2*s + 3*i, -3*i + n = 5*s. What is the units digit of s?
0
Suppose -6*s + 132564 + 5880 = 0. What is the tens digit of (-16)/(-88) - (s/(-22) + 4)?
4
Let i be (462/308)/(((-2)/8)/1). Let g(v) = 30*v**2 + 3*v + 6. What is the units digit of g(i)?
8
Let s = 32781 + -23349. What is the thousands digit of s?
9
Let s be 276/1 + 0 + 58 + -57. Let j = s + -139. What is the units digit of j?
8
Let m be 1*-3 - (23 + -30). Suppose -4*v + m*o + 585 = -579, -v + 296 = -2*o. What is the tens digit of v?
8
Suppose 6*z = -z + 4*z. Suppose -5*j + 3 = s, -5*s + 5*j - 27 + 102 = z. Let d(k) = k**3 - 12*k**2 - 8*k. What is the units digit of d(s)?
5
Let q = -188 - -193. Suppose -2*n - 171 - 6081 = -5*v, q = -5*n. What is the units digit of v?
0
Let g(a) = 18*a**2 + 8*a + 18. Let s = 80 + -84. What is the tens digit of g(s)?
7
Let f be 3899/(-35)*(-5)/(-10)*10. Let s = 380 - f. What is the tens digit of s?
3
Let f(q) = -2*q + 34. Let i be f(17). Suppose -23*r + 18*r + 4*n + 3132 = i, -5*r - 5*n = -3105. What is the tens digit of r?
2
Let c(h) = 6*h - 58. Let d be c(10). What is the units digit of d + 1 + (-47)/(-2)*10?
8
Let w be (-70)/(-140) + 1519/2. Suppose 9*c - w = 266. What is the units digit of c?
4
Let k(p) = p + 82. Let q be k(-28). Suppose -q*l = -57*l + 1173. What is the hundreds digit of l?
3
Let j(q) = -576*q + 970. What is the units digit of j(-20)?
0
Suppose 3*s - 120 = 2*o, 2*o + 22 = -5*s - 114. Let k = o - -37. Let h(l) = -l**2 - 32*l + 23. What is the units digit of h(k)?
9
What is the tens digit of (-13)/78*-10254 + 0?
0
Let u(f) = 277*f - 1. Let c be u(-10). Let p = c - -4025. What is the units digit of p?
4
Let f(b) = -b**3 + 14*b**2 + 6*b + 13. Let r be f(11). Suppose t = -t + r. What is the units digit of t?
1
Suppose 0 = -3*j + f + 11393, 2*f + 3556 - 11138 = -2*j. Suppose -q + 4*x + 755 = 0, -12*q - j = -17*q - x. What is the hundreds digit of q?
7
Let q(s) = 22*s - 104. Let g be q(-20). Let x = -47 - g. What is the tens digit of x?
9
Suppose -28406 = 290*v - 297*v. What is the units digit of v?
8
Let s(v) be the third derivative of 17*v**4/12 + 25*v**3 - 5*v**2 - 3. What is the hundreds digit of s(23)?
9
Suppose 11*b = 2189 + 27918. What is the thousands digit of b?
2
What is the thousands digit of 5/(-140) - 23544173/(-1036)?
2
Let k be (-5)/40 + (-417)/(-8). Suppose 0 = 2*j + 2*j - d + 114, 2*j + k = 3*d. Let w = j + 37. What is the units digit of w?
8
Let z = 6734 - 4028. What is the hundreds digit of z?
7
Suppose -3*r + 4086 = -11655. What is the tens digit of r?
4
Let t(n) = -2069*n + 6413. What is the units digit of t(-5)?
8
What is the units digit of (-7372)/(-291) + (-2)/(-3)?
6
Let y = 82 + -79. Suppose y*l + 28 = 4*l. Suppose l = 3*k - 83. What is the units digit of k?
7
Let p be -2 + -2 - (-288 + 8). Suppose 2*q = -i + p, q - 5*q = -4*i + 1140. What is the tens digit of i?
8
Suppose 8*r - 5*t = 6*r + 35, 0 = -4*r + t + 25. Suppose 2*p + 2*o = o + 736, o - 1834 = -r*p. What is the tens digit of p?
6
Let c be (6/4)/3 + (-780)/(-40). Let f(g) = 38*g**2 - g. Let l be f(1). Let n = c + l. What is the units digit of n?
7
Let d(x) = -235*x**3 + 9*x**2 + 12*x - 24. What is the hundreds digit of d(-3)?
3
Let q = 13283 + 11129. What is the ten thousands digit of q?
2
Let v be (2/(-4))/(15/(-90)). Suppose v*w + 2*c = 1488, c - 545 = 2*w - 1530. What is the tens digit of w?
9
Suppose -3*s + 46936 = v - 70825, -156998 = -4*s + 2*v. What is the ten thousands digit of s?
3
Let y be 0/(3 - (-3 + 5)). Suppose -a - 3*j + 819 = y, 299 - 1122 = -a + j. What is the units digit of a?
2
Let v(t) be the second derivative of -t**5/20 + t**4/2 + 11*t**3/6 + 4*t**2 - 16*t. Let l be v(7). Let o = 60 - l. What is the tens digit of o?
2
Suppose 6821 = 35*b + 21887 - 91401. What is the hundreds digit of b?
1
Suppose -85*g + 91*g = 36. What is the tens digit of (112/24 - 4)*12699/g?
1
Suppose 4*n + f + 111 = n, 2*n - 5*f + 57 = 0. Suppose 192 = 4*o - 0*o. Let g = n + o. What is the units digit of g?
2
Let i(c) = -37*c - 11. Let q = -94 - -92. What is the units digit of i(q)?
3
Let c = 32772 + 2655. What is the hundreds digit of c?
4
Suppose -4*h + 2*z = 10482, -4*z + 76 = 56. Let x = -1518 - h. What is the thousands digit of x?
1
Suppose 68610 = 67*q - 61*q. Suppose -15*m + q = 230. What is the hundreds digit of m?
7
Let h = 16887 - 10357. What is the tens digit of h?
3
Let h be 44/10*(-5)/(-2). Suppose 8*l - 3*l + h = -3*i, 0 = -5*l + 3*i + 1. What is the units digit of l/(-6) - 2471/(-42)?
9
What is the tens digit of (370/130 - 6) + 2/13 + 30348?
4
Suppose -k + x + 48 = 7, 4*k + 3*x - 171 = 0. Suppose 6*f = -f - k. What is the tens digit of (-16)/(-24) + (-1676)/f?
8
Suppose 2*z - 5 - 14 = -r, 0 = 2*r - z - 63. Suppose 90 = -2*p + 4*y, 99 = -p - 3*y + r. Let q = -9 - p. What is the tens digit of q?
4
Let r(z) = 180*z + 20323. What is the units digit of r(0)?
3
Let t(n) = 84*n**2 - 200*n - 302. What is the thousands digit of t(-12)?
4
Let z(c) = -c**3 - 32*c**2 + 41*c + 275. What is the thousands digit of z(-39)?
9
Let r be 40/5 + -2 - 1. Let o = r + -9. What is the units digit of 60 - (0 + (-6 - o))?
2
Suppose -2*r - 2*q + 62 = -4*q, -4*q + 11 = r. Let g be ((-5)/(-3) + 0)/(9/r). Let m(f) = 3*f**2 + 8*f - 32. What is the units digit of m(g)?
3
Suppose 12*m - 9*m - 105 = 0. Suppose 39*v - 732 = m*v. Suppose 0 = -10*l + 1063 - v. What is the units digit of l?
8
Let r be -2*(-3)/(-12)*0. Suppose 4*p - p - 1684 = -2*c, r = 4*c - 8. What is the hundreds digit of p?
5
Suppose -2*k + 11962 = -2*q - 10368, 3*k = q + 33495. What is the ten thousands digit of k?
1
Suppose 0 = 3*h - 12, 2*h - 8 - 6 = -2*o. Suppose o*j = -15, 3*j + 1285 = 4*x - 482. Let i = x - 208. What is the units digit of i?
0
Let v = 2407 - -3277. What is the thousands digit of v?
5
Suppose 2*n = 0, -1 + 91 = 5*c - 5*n. Suppose -c*b + 3615 = -3*b. What is the tens digit of b?
4
Let b(k) = k**3 + k**2 - 14*k + 8. Suppose -12 = 4*q - 3*o, 0*q - 4*q - 44 = 5*o. Let l be b(q). Let f = -22 - l. What is the tens digit of f?
6
Let a(w) = 8*w + 8. Let i be a(-2). Let u = i - -2. What is the tens digit of 90 - (-2)/((-4)/u)?
9
Let d = 2676 - 2567. What is the units digit of d?
9
Let o(n) = -4*n - 23. Let w be o(-7). Let v(p) = 8*p - 9. What is the units digit of v(w)?
1
Suppose -2*n + 4*x = -8994, -50*x + 55*x + 22485 = 5*n. What is the units digit of n?
7
Suppose 663 = -9*l + 204. Let h = l - -39. Let k = h + 54. What is the units digit of k?
2
Suppose -1039826 = -75*o + 1760674. What is the thousands digit of o?
7
Suppose 2*d - 52522 = -3*i, 5*i + 459*d = 462*d + 87562. What is the units digit of i?
0
Suppose 0 = 5*p + h - 0*h - 45, 0 = p - 5*h + 17. Suppose 1085 = -p*q + 13*q. What is the tens digit of q?
1
Let w = 98414 - 65188. What is the hundreds digit of w?
2
Let d be 6 - 3*824/(-24). Suppose -y = -d - 953. What is the units digit of y?
2
Suppose -13*a - 8*a + 2495520 = 24*a. What is the tens digit of a?
5
Let a be (-2 - (-246)/9) + (-6)/18. Suppose 12*o + 9724 = a*o. What is the tens digit of o?
4
Let m(p) = -2*p**3 + 105*p**2 - 97*p + 66. What is the hundreds digit of m(44)?
7
Let v(q) = -q**2 - 12*q - 7. Let f be v(-11). Suppose 4*g + 83 + 21 = f*y, 5*g = 2*y - 64. What is the tens digit of y?
2
Let g(q) = q**2 + q + 1. Suppose 3*i - 8 = 7*i. Let h be g(i). Let p(x) = 5*x**3 + x**2 - 6*x + 1. What is the tens digit of p(h)?
2
Let i = -28083 - -40609. What is the tens digit of i?
2
Suppose -2*a + 888 = 2*a. Suppose -176*v - 3*f = -171*v - 23, 4*f - 4 = 0. Suppose -4*l = 4*y - l - a, -v*y + l + 230 = 0. What is the tens digit of y?
5
Let t(s) = 4*s**2 + 166*s + 4585. What is the units digit of t(-99)?
5
Suppose -2*a = a. Suppose -77 - 69 = -73*y. Suppose v - c = 131, 2*v - c - y*c - 258 = a. What is the hundreds digit of v?
1
Suppose 2*h = 0, 5*f + 2*h - 787 = 328. Let n = f - -126. Suppose -62 = -k - 4*d - 1, -4*k + 5*d + n = 0. What is the units digit of k?
1
Suppose 5*a - 42 = 4*r, 0 = 5*a - 5*r - 47 + 7. Suppose -4*c + 7462 = a*c. What is the tens digit of c?
3
Suppose 0 = r - 3*x - 39, -21*r + 4*x = -24*r + 156. Let j = 43 + r. What is the units digit of j?
1
Suppose -200 + 56 = -4*f